{"id":2023,"date":"2019-03-28T14:59:59","date_gmt":"2019-03-28T14:59:59","guid":{"rendered":"http:\/\/villaserena.bestrank.it\/?page_id=2023"},"modified":"2020-02-20T14:46:11","modified_gmt":"2020-02-20T14:46:11","slug":"fruehstueck","status":"publish","type":"page","link":"https:\/\/www.villaserena.eu\/de\/fruehstueck\/","title":{"rendered":"Fr\u00fchst\u00fcck"},"content":{"rendered":"<p>[vc_row equal_height=&#8220;yes&#8220; content_placement=&#8220;top&#8220; overlay_color=&#8220;rgba(0,0,0,0.01)&#8220; css=&#8220;.vc_custom_1496305318701{padding-top: 120px !important;}&#8220;][vc_column]<div class=\"text-left reda-page-header id_169f307e802f7f681658709 animate-text  \"><div class=\"reda-header  header-underline underline-50 header-color\" style=\"color: ;\"><\/div><\/div><\/p>\n<h1><span style=\"font-size: 100px;\">Fr\u00fchst\u00fcck<\/span><\/h1>\n<p><style scoped> .reda-page-header.id_169f307e802f7f681658709 .header-underline:after { background-color: ; }<\/style><div class=\"text-left reda-page-header id_169f307e802fb71817723069 animate-text   vc_custom_1582209871716\"><div class=\"reda-header  header-color\" style=\"color: #ac8b51;\"><\/div><\/div><\/p>\n<h2>Geschmack und Energie f\u00fcr den Start in den Tag<\/h2>\n<p><style scoped> .reda-page-header.id_169f307e802fb71817723069 .header-underline:after { background-color: #ac8b51; }<\/style>[vc_row_inner][vc_column_inner][vc_empty_space height=&#8220;60&#8243; height2=&#8220;30&#8243;][vc_column_text]Das Fr\u00fchst\u00fcck in der Villa Serena ist in der \u00dcbernachtung inbegriffen und wird als <strong>Buffet von 07.30 bis 09.30<\/strong> Uhr serviert, im hellen Fr\u00fchst\u00fccksraum im Winter oder im Herzen des Parks der Villa Serena, im Freien, w\u00e4hrend der Sommersaison.<\/p>\n<p style=\"text-align: center;\">Am Morgen werden unsere G\u00e4ste mit einem \u00fcppigen Fr\u00fchst\u00fcck begr\u00fc\u00dft, das aus <strong>wahren lokalen Produkten<\/strong> besteht, s\u00fc\u00df und herzhaft, ideal um alle Gaumen zu befriedigen. Wir k\u00f6nnen unseren G\u00e4sten auch vegane, laktosefreie oder glutenfreie Produkte anbieten.<\/p>\n<p>[\/vc_column_text][vc_empty_space][vc_column_text css=&#8220;.vc_custom_1553527360317{margin-top: 0px !important;margin-left: 60px !important;}&#8220;][\/vc_column_text][\/vc_column_inner][\/vc_row_inner][\/vc_column][\/vc_row][vc_row][vc_column]<div class=\"reda-masonry-gallery \"><div class=\"portfolio-masonry\"><div class=\"grid-sizer\"><\/div><article class=\"w2-h2\"><a href=\"https:\/\/www.villaserena.eu\/wp-content\/uploads\/2019\/03\/foto-colazione-scaricata-da-PagineGialle.jpg\" class=\"img-content-lightbox\" rel=\"masonry-gallery\"><\/a><div class=\"layer\"><div class=\"img-bg\" data-depth=\"0.50\" style=\"background-image: url(https:\/\/www.villaserena.eu\/wp-content\/uploads\/2019\/03\/foto-colazione-scaricata-da-PagineGialle.jpg) \"><img decoding=\"async\" src=\"https:\/\/www.villaserena.eu\/wp-content\/uploads\/2019\/03\/foto-colazione-scaricata-da-PagineGialle.jpg\"\/><\/div><\/div><\/article><article class=\"w2-h1\"><a href=\"https:\/\/www.villaserena.eu\/wp-content\/uploads\/2019\/03\/foto-colazione-scaricata-da-Priceline.jpg\" class=\"img-content-lightbox\" rel=\"masonry-gallery\"><\/a><div class=\"layer\"><div class=\"img-bg\" data-depth=\"0.50\" style=\"background-image: url(https:\/\/www.villaserena.eu\/wp-content\/uploads\/2019\/03\/foto-colazione-scaricata-da-Priceline.jpg) \"><img decoding=\"async\" src=\"https:\/\/www.villaserena.eu\/wp-content\/uploads\/2019\/03\/foto-colazione-scaricata-da-Priceline.jpg\"\/><\/div><\/div><\/article><article class=\"w1-h1\"><a href=\"https:\/\/www.villaserena.eu\/wp-content\/uploads\/2019\/03\/foto-colazione-scaricata-da-Travelitalia.jpg\" class=\"img-content-lightbox\" rel=\"masonry-gallery\"><\/a><div class=\"layer\"><div class=\"img-bg\" data-depth=\"0.50\" style=\"background-image: url(https:\/\/www.villaserena.eu\/wp-content\/uploads\/2019\/03\/foto-colazione-scaricata-da-Travelitalia.jpg) \"><img decoding=\"async\" src=\"https:\/\/www.villaserena.eu\/wp-content\/uploads\/2019\/03\/foto-colazione-scaricata-da-Travelitalia.jpg\"\/><\/div><\/div><\/article><article class=\"w1-h1\"><a href=\"https:\/\/www.villaserena.eu\/wp-content\/uploads\/2019\/03\/foto-colazione-scaricata-dal-web.jpg\" class=\"img-content-lightbox\" rel=\"masonry-gallery\"><\/a><div class=\"layer\"><div class=\"img-bg\" data-depth=\"0.50\" style=\"background-image: url(https:\/\/www.villaserena.eu\/wp-content\/uploads\/2019\/03\/foto-colazione-scaricata-dal-web.jpg) \"><img decoding=\"async\" src=\"https:\/\/www.villaserena.eu\/wp-content\/uploads\/2019\/03\/foto-colazione-scaricata-dal-web.jpg\"\/><\/div><\/div><\/article><\/div><\/div>[\/vc_column][\/vc_row]<\/p>\n","protected":false},"excerpt":{"rendered":"<p>[vc_row equal_height=&#8220;yes&#8220; content_placement=&#8220;top&#8220; overlay_color=&#8220;rgba(0,0,0,0.01)&#8220; css=&#8220;.vc_custom_1496305318701{padding-top: 120px !important;}&#8220;][vc_column][vc_row_inner][vc_column_inner][vc_empty_space height=&#8220;60&#8243; height2=&#8220;30&#8243;][vc_column_text]Das Fr\u00fchst\u00fcck in der Villa Serena ist in der \u00dcbernachtung inbegriffen und wird als Buffet von 07.30 bis 09.30 Uhr serviert, im hellen Fr\u00fchst\u00fccksraum im Winter oder im Herzen des Parks der Villa Serena, im Freien, w\u00e4hrend der Sommersaison. Am Morgen werden unsere G\u00e4ste mit einem \u00fcppigen [&hellip;]<\/p>\n","protected":false},"author":1,"featured_media":0,"parent":0,"menu_order":0,"comment_status":"closed","ping_status":"closed","template":"","meta":{"_monsterinsights_skip_tracking":false,"_monsterinsights_sitenote_active":false,"_monsterinsights_sitenote_note":"","_monsterinsights_sitenote_category":0,"footnotes":""},"class_list":["post-2023","page","type-page","status-publish","hentry"],"yoast_head":"<!-- This site is optimized with the Yoast SEO plugin v27.5 - https:\/\/yoast.com\/product\/yoast-seo-wordpress\/ -->\n<title>Fr\u00fchst\u00fcck - Villa Serena<\/title>\n<meta name=\"robots\" content=\"index, follow, max-snippet:-1, max-image-preview:large, max-video-preview:-1\" \/>\n<link rel=\"canonical\" href=\"https:\/\/www.villaserena.eu\/de\/fruehstueck\/\" \/>\n<meta property=\"og:locale\" content=\"de_DE\" \/>\n<meta property=\"og:type\" content=\"article\" \/>\n<meta property=\"og:title\" content=\"Fr\u00fchst\u00fcck - Villa Serena\" \/>\n<meta property=\"og:description\" content=\"[vc_row equal_height=&#8220;yes&#8220; content_placement=&#8220;top&#8220; overlay_color=&#8220;rgba(0,0,0,0.01)&#8220; css=&#8220;.vc_custom_1496305318701{padding-top: 120px !important;}&#8220;][vc_column][vc_row_inner][vc_column_inner][vc_empty_space height=&#8220;60&#8243; height2=&#8220;30&#8243;][vc_column_text]Das Fr\u00fchst\u00fcck in der Villa Serena ist in der \u00dcbernachtung inbegriffen und wird als Buffet von 07.30 bis 09.30 Uhr serviert, im hellen Fr\u00fchst\u00fccksraum im Winter oder im Herzen des Parks der Villa Serena, im Freien, w\u00e4hrend der Sommersaison. Am Morgen werden unsere G\u00e4ste mit einem \u00fcppigen [&hellip;]\" \/>\n<meta property=\"og:url\" content=\"https:\/\/www.villaserena.eu\/de\/fruehstueck\/\" \/>\n<meta property=\"og:site_name\" content=\"Villa Serena\" \/>\n<meta property=\"article:modified_time\" content=\"2020-02-20T14:46:11+00:00\" \/>\n<meta name=\"twitter:card\" content=\"summary_large_image\" \/>\n<meta name=\"twitter:label1\" content=\"Gesch\u00e4tzte Lesezeit\" \/>\n\t<meta name=\"twitter:data1\" content=\"1\u00a0Minute\" \/>\n<script type=\"application\/ld+json\" class=\"yoast-schema-graph\">{\"@context\":\"https:\\\/\\\/schema.org\",\"@graph\":[{\"@type\":\"WebPage\",\"@id\":\"https:\\\/\\\/www.villaserena.eu\\\/de\\\/fruehstueck\\\/\",\"url\":\"https:\\\/\\\/www.villaserena.eu\\\/de\\\/fruehstueck\\\/\",\"name\":\"Fr\u00fchst\u00fcck - Villa Serena\",\"isPartOf\":{\"@id\":\"https:\\\/\\\/www.villaserena.eu\\\/#website\"},\"datePublished\":\"2019-03-28T14:59:59+00:00\",\"dateModified\":\"2020-02-20T14:46:11+00:00\",\"breadcrumb\":{\"@id\":\"https:\\\/\\\/www.villaserena.eu\\\/de\\\/fruehstueck\\\/#breadcrumb\"},\"inLanguage\":\"de\",\"potentialAction\":[{\"@type\":\"ReadAction\",\"target\":[\"https:\\\/\\\/www.villaserena.eu\\\/de\\\/fruehstueck\\\/\"]}]},{\"@type\":\"BreadcrumbList\",\"@id\":\"https:\\\/\\\/www.villaserena.eu\\\/de\\\/fruehstueck\\\/#breadcrumb\",\"itemListElement\":[{\"@type\":\"ListItem\",\"position\":1,\"name\":\"Home\",\"item\":\"https:\\\/\\\/www.villaserena.eu\\\/de\\\/\"},{\"@type\":\"ListItem\",\"position\":2,\"name\":\"Fr\u00fchst\u00fcck\"}]},{\"@type\":\"WebSite\",\"@id\":\"https:\\\/\\\/www.villaserena.eu\\\/#website\",\"url\":\"https:\\\/\\\/www.villaserena.eu\\\/\",\"name\":\"Villa Serena\",\"description\":\"Localita con Piscina\",\"publisher\":{\"@id\":\"https:\\\/\\\/www.villaserena.eu\\\/#organization\"},\"potentialAction\":[{\"@type\":\"SearchAction\",\"target\":{\"@type\":\"EntryPoint\",\"urlTemplate\":\"https:\\\/\\\/www.villaserena.eu\\\/?s={search_term_string}\"},\"query-input\":{\"@type\":\"PropertyValueSpecification\",\"valueRequired\":true,\"valueName\":\"search_term_string\"}}],\"inLanguage\":\"de\"},{\"@type\":\"Organization\",\"@id\":\"https:\\\/\\\/www.villaserena.eu\\\/#organization\",\"name\":\"Villa Serena\",\"url\":\"https:\\\/\\\/www.villaserena.eu\\\/\",\"logo\":{\"@type\":\"ImageObject\",\"inLanguage\":\"de\",\"@id\":\"https:\\\/\\\/www.villaserena.eu\\\/#\\\/schema\\\/logo\\\/image\\\/\",\"url\":\"\",\"contentUrl\":\"\",\"caption\":\"Villa Serena\"},\"image\":{\"@id\":\"https:\\\/\\\/www.villaserena.eu\\\/#\\\/schema\\\/logo\\\/image\\\/\"}}]}<\/script>\n<!-- \/ Yoast SEO plugin. -->","yoast_head_json":{"title":"Fr\u00fchst\u00fcck - Villa Serena","robots":{"index":"index","follow":"follow","max-snippet":"max-snippet:-1","max-image-preview":"max-image-preview:large","max-video-preview":"max-video-preview:-1"},"canonical":"https:\/\/www.villaserena.eu\/de\/fruehstueck\/","og_locale":"de_DE","og_type":"article","og_title":"Fr\u00fchst\u00fcck - Villa Serena","og_description":"[vc_row equal_height=&#8220;yes&#8220; content_placement=&#8220;top&#8220; overlay_color=&#8220;rgba(0,0,0,0.01)&#8220; css=&#8220;.vc_custom_1496305318701{padding-top: 120px !important;}&#8220;][vc_column][vc_row_inner][vc_column_inner][vc_empty_space height=&#8220;60&#8243; height2=&#8220;30&#8243;][vc_column_text]Das Fr\u00fchst\u00fcck in der Villa Serena ist in der \u00dcbernachtung inbegriffen und wird als Buffet von 07.30 bis 09.30 Uhr serviert, im hellen Fr\u00fchst\u00fccksraum im Winter oder im Herzen des Parks der Villa Serena, im Freien, w\u00e4hrend der Sommersaison. Am Morgen werden unsere G\u00e4ste mit einem \u00fcppigen [&hellip;]","og_url":"https:\/\/www.villaserena.eu\/de\/fruehstueck\/","og_site_name":"Villa Serena","article_modified_time":"2020-02-20T14:46:11+00:00","twitter_card":"summary_large_image","twitter_misc":{"Gesch\u00e4tzte Lesezeit":"1\u00a0Minute"},"schema":{"@context":"https:\/\/schema.org","@graph":[{"@type":"WebPage","@id":"https:\/\/www.villaserena.eu\/de\/fruehstueck\/","url":"https:\/\/www.villaserena.eu\/de\/fruehstueck\/","name":"Fr\u00fchst\u00fcck - Villa Serena","isPartOf":{"@id":"https:\/\/www.villaserena.eu\/#website"},"datePublished":"2019-03-28T14:59:59+00:00","dateModified":"2020-02-20T14:46:11+00:00","breadcrumb":{"@id":"https:\/\/www.villaserena.eu\/de\/fruehstueck\/#breadcrumb"},"inLanguage":"de","potentialAction":[{"@type":"ReadAction","target":["https:\/\/www.villaserena.eu\/de\/fruehstueck\/"]}]},{"@type":"BreadcrumbList","@id":"https:\/\/www.villaserena.eu\/de\/fruehstueck\/#breadcrumb","itemListElement":[{"@type":"ListItem","position":1,"name":"Home","item":"https:\/\/www.villaserena.eu\/de\/"},{"@type":"ListItem","position":2,"name":"Fr\u00fchst\u00fcck"}]},{"@type":"WebSite","@id":"https:\/\/www.villaserena.eu\/#website","url":"https:\/\/www.villaserena.eu\/","name":"Villa Serena","description":"Localita con Piscina","publisher":{"@id":"https:\/\/www.villaserena.eu\/#organization"},"potentialAction":[{"@type":"SearchAction","target":{"@type":"EntryPoint","urlTemplate":"https:\/\/www.villaserena.eu\/?s={search_term_string}"},"query-input":{"@type":"PropertyValueSpecification","valueRequired":true,"valueName":"search_term_string"}}],"inLanguage":"de"},{"@type":"Organization","@id":"https:\/\/www.villaserena.eu\/#organization","name":"Villa Serena","url":"https:\/\/www.villaserena.eu\/","logo":{"@type":"ImageObject","inLanguage":"de","@id":"https:\/\/www.villaserena.eu\/#\/schema\/logo\/image\/","url":"","contentUrl":"","caption":"Villa Serena"},"image":{"@id":"https:\/\/www.villaserena.eu\/#\/schema\/logo\/image\/"}}]}},"_links":{"self":[{"href":"https:\/\/www.villaserena.eu\/de\/wp-json\/wp\/v2\/pages\/2023\/"}],"collection":[{"href":"https:\/\/www.villaserena.eu\/de\/wp-json\/wp\/v2\/pages\/"}],"about":[{"href":"https:\/\/www.villaserena.eu\/de\/wp-json\/wp\/v2\/types\/page\/"}],"author":[{"embeddable":true,"href":"https:\/\/www.villaserena.eu\/de\/wp-json\/wp\/v2\/users\/1\/"}],"replies":[{"embeddable":true,"href":"https:\/\/www.villaserena.eu\/de\/wp-json\/wp\/v2\/comments\/?post=2023"}],"version-history":[{"count":3,"href":"https:\/\/www.villaserena.eu\/de\/wp-json\/wp\/v2\/pages\/2023\/revisions\/"}],"predecessor-version":[{"id":2292,"href":"https:\/\/www.villaserena.eu\/de\/wp-json\/wp\/v2\/pages\/2023\/revisions\/2292\/"}],"wp:attachment":[{"href":"https:\/\/www.villaserena.eu\/de\/wp-json\/wp\/v2\/media\/?parent=2023"}],"curies":[{"name":"wp","href":"https:\/\/api.w.org\/{rel}","templated":true}]}}

Frühstück

<p>[vc_row equal_height=&#8220;yes&#8220; content_placement=&#8220;top&#8220; overlay_color=&#8220;rgba(0,0,0,0.01)&#8220; css=&#8220;.vc_custom_1496305318701{padding-top: 120px !important;}&#8220;][vc_column]<div class="text-left reda-page-header id_169f307e802f7f681658709 animate-text  "><div class="reda-header  header-underline underline-50 header-color" style="color: ;"></div></div></p>
<h1><span style="font-size: 100px;">Frühstück</span></h1>
<p><style scoped> .reda-page-header.id_169f307e802f7f681658709 .header-underline:after { background-color: ; }</style><div class="text-left reda-page-header id_169f307e802fb71817723069 animate-text   vc_custom_1582209871716"><div class="reda-header  header-color" style="color: #ac8b51;"></div></div></p>
<h2>Geschmack und Energie für den Start in den Tag</h2>
<p><style scoped> .reda-page-header.id_169f307e802fb71817723069 .header-underline:after { background-color: #ac8b51; }</style>[vc_row_inner][vc_column_inner][vc_empty_space height=&#8220;60&#8243; height2=&#8220;30&#8243;][vc_column_text]Das Frühstück in der Villa Serena ist in der Übernachtung inbegriffen und wird als <strong>Buffet von 07.30 bis 09.30</strong> Uhr serviert, im hellen Frühstücksraum im Winter oder im Herzen des Parks der Villa Serena, im Freien, während der Sommersaison.</p>
<p style="text-align: center;">Am Morgen werden unsere Gäste mit einem üppigen Frühstück begrüßt, das aus <strong>wahren lokalen Produkten</strong> besteht, süß und herzhaft, ideal um alle Gaumen zu befriedigen. Wir können unseren Gästen auch vegane, laktosefreie oder glutenfreie Produkte anbieten.</p>
<p>[/vc_column_text][vc_empty_space][vc_column_text css=&#8220;.vc_custom_1553527360317{margin-top: 0px !important;margin-left: 60px !important;}&#8220;][/vc_column_text][/vc_column_inner][/vc_row_inner][/vc_column][/vc_row][vc_row][vc_column]<div class="reda-masonry-gallery "><div class="portfolio-masonry"><div class="grid-sizer"></div><article class="w2-h2"><a href="https://www.villaserena.eu/wp-content/uploads/2019/03/foto-colazione-scaricata-da-PagineGialle.jpg" class="img-content-lightbox" rel="masonry-gallery"></a><div class="layer"><div class="img-bg" data-depth="0.50" style="background-image: url(https://www.villaserena.eu/wp-content/uploads/2019/03/foto-colazione-scaricata-da-PagineGialle.jpg) "><img decoding="async" src="https://www.villaserena.eu/wp-content/uploads/2019/03/foto-colazione-scaricata-da-PagineGialle.jpg"/></div></div></article><article class="w2-h1"><a href="https://www.villaserena.eu/wp-content/uploads/2019/03/foto-colazione-scaricata-da-Priceline.jpg" class="img-content-lightbox" rel="masonry-gallery"></a><div class="layer"><div class="img-bg" data-depth="0.50" style="background-image: url(https://www.villaserena.eu/wp-content/uploads/2019/03/foto-colazione-scaricata-da-Priceline.jpg) "><img decoding="async" src="https://www.villaserena.eu/wp-content/uploads/2019/03/foto-colazione-scaricata-da-Priceline.jpg"/></div></div></article><article class="w1-h1"><a href="https://www.villaserena.eu/wp-content/uploads/2019/03/foto-colazione-scaricata-da-Travelitalia.jpg" class="img-content-lightbox" rel="masonry-gallery"></a><div class="layer"><div class="img-bg" data-depth="0.50" style="background-image: url(https://www.villaserena.eu/wp-content/uploads/2019/03/foto-colazione-scaricata-da-Travelitalia.jpg) "><img decoding="async" src="https://www.villaserena.eu/wp-content/uploads/2019/03/foto-colazione-scaricata-da-Travelitalia.jpg"/></div></div></article><article class="w1-h1"><a href="https://www.villaserena.eu/wp-content/uploads/2019/03/foto-colazione-scaricata-dal-web.jpg" class="img-content-lightbox" rel="masonry-gallery"></a><div class="layer"><div class="img-bg" data-depth="0.50" style="background-image: url(https://www.villaserena.eu/wp-content/uploads/2019/03/foto-colazione-scaricata-dal-web.jpg) "><img decoding="async" src="https://www.villaserena.eu/wp-content/uploads/2019/03/foto-colazione-scaricata-dal-web.jpg"/></div></div></article></div></div>[/vc_column][/vc_row]</p>

<p>[vc_row equal_height=&#8220;yes&#8220; content_placement=&#8220;top&#8220; overlay_color=&#8220;rgba(0,0,0,0.01)&#8220; css=&#8220;.vc_custom_1496305318701{padding-top: 120px !important;}&#8220;][vc_column][vc_row_inner][vc_column_inner][vc_empty_space height=&#8220;60&#8243; height2=&#8220;30&#8243;][vc_column_text]Das Frühstück in der Villa Serena ist in der Übernachtung inbegriffen und wird als Buffet von 07.30 bis 09.30 Uhr serviert, im hellen Frühstücksraum im Winter oder im Herzen des Parks der Villa Serena, im Freien, während der Sommersaison. Am Morgen werden unsere Gäste mit einem üppigen [&hellip;]</p>

<!-- This site is optimized with the Yoast SEO plugin v27.5 - https://yoast.com/product/yoast-seo-wordpress/ -->
<title>Frühstück - Villa Serena</title>
<meta name="robots" content="index, follow, max-snippet:-1, max-image-preview:large, max-video-preview:-1" />
<link rel="canonical" href="https://www.villaserena.eu/de/fruehstueck/" />
<meta property="og:locale" content="de_DE" />
<meta property="og:type" content="article" />
<meta property="og:title" content="Frühstück - Villa Serena" />
<meta property="og:description" content="[vc_row equal_height=&#8220;yes&#8220; content_placement=&#8220;top&#8220; overlay_color=&#8220;rgba(0,0,0,0.01)&#8220; css=&#8220;.vc_custom_1496305318701{padding-top: 120px !important;}&#8220;][vc_column][vc_row_inner][vc_column_inner][vc_empty_space height=&#8220;60&#8243; height2=&#8220;30&#8243;][vc_column_text]Das Frühstück in der Villa Serena ist in der Übernachtung inbegriffen und wird als Buffet von 07.30 bis 09.30 Uhr serviert, im hellen Frühstücksraum im Winter oder im Herzen des Parks der Villa Serena, im Freien, während der Sommersaison. Am Morgen werden unsere Gäste mit einem üppigen [&hellip;]" />
<meta property="og:url" content="https://www.villaserena.eu/de/fruehstueck/" />
<meta property="og:site_name" content="Villa Serena" />
<meta property="article:modified_time" content="2020-02-20T14:46:11+00:00" />
<meta name="twitter:card" content="summary_large_image" />
<meta name="twitter:label1" content="Geschätzte Lesezeit" />
	<meta name="twitter:data1" content="1 Minute" />
<script type="application/ld+json" class="yoast-schema-graph">{"@context":"https:\/\/schema.org","@graph":[{"@type":"WebPage","@id":"https:\/\/www.villaserena.eu\/de\/fruehstueck\/","url":"https:\/\/www.villaserena.eu\/de\/fruehstueck\/","name":"Frühstück - Villa Serena","isPartOf":{"@id":"https:\/\/www.villaserena.eu\/#website"},"datePublished":"2019-03-28T14:59:59+00:00","dateModified":"2020-02-20T14:46:11+00:00","breadcrumb":{"@id":"https:\/\/www.villaserena.eu\/de\/fruehstueck\/#breadcrumb"},"inLanguage":"de","potentialAction":[{"@type":"ReadAction","target":["https:\/\/www.villaserena.eu\/de\/fruehstueck\/"]}]},{"@type":"BreadcrumbList","@id":"https:\/\/www.villaserena.eu\/de\/fruehstueck\/#breadcrumb","itemListElement":[{"@type":"ListItem","position":1,"name":"Home","item":"https:\/\/www.villaserena.eu\/de\/"},{"@type":"ListItem","position":2,"name":"Frühstück"}]},{"@type":"WebSite","@id":"https:\/\/www.villaserena.eu\/#website","url":"https:\/\/www.villaserena.eu\/","name":"Villa Serena","description":"Localita con Piscina","publisher":{"@id":"https:\/\/www.villaserena.eu\/#organization"},"potentialAction":[{"@type":"SearchAction","target":{"@type":"EntryPoint","urlTemplate":"https:\/\/www.villaserena.eu\/?s={search_term_string}"},"query-input":{"@type":"PropertyValueSpecification","valueRequired":true,"valueName":"search_term_string"}}],"inLanguage":"de"},{"@type":"Organization","@id":"https:\/\/www.villaserena.eu\/#organization","name":"Villa Serena","url":"https:\/\/www.villaserena.eu\/","logo":{"@type":"ImageObject","inLanguage":"de","@id":"https:\/\/www.villaserena.eu\/#\/schema\/logo\/image\/","url":"","contentUrl":"","caption":"Villa Serena"},"image":{"@id":"https:\/\/www.villaserena.eu\/#\/schema\/logo\/image\/"}}]}</script>
<!-- / Yoast SEO plugin. -->

Frühstück - Villa Serena

[vc_row equal_height=&#8220;yes&#8220; content_placement=&#8220;top&#8220; overlay_color=&#8220;rgba(0,0,0,0.01)&#8220; css=&#8220;.vc_custom_1496305318701{padding-top: 120px !important;}&#8220;][vc_column][vc_row_inner][vc_column_inner][vc_empty_space height=&#8220;60&#8243; height2=&#8220;30&#8243;][vc_column_text]Das Frühstück in der Villa Serena ist in der Übernachtung inbegriffen und wird als Buffet von 07.30 bis 09.30 Uhr serviert, im hellen Frühstücksraum im Winter oder im Herzen des Parks der Villa Serena, im Freien, während der Sommersaison. Am Morgen werden unsere Gäste mit einem üppigen [&hellip;]
